 are the prime factors of 8223?
3, 2741
What are the prime factors of 118?
2, 59
List the prime factors of 3492.
2, 3, 97
What are the prime factors of 56385?
3, 5, 7, 179
What are the prime factors of 502?
2, 251
List the prime factors of 47460.
2, 3, 5, 7, 113
List the prime factors of 165039.
3, 7, 29, 271
List the prime factors of 4645.
5, 929
List the prime factors of 4819.
61, 79
What are the prime factors of 1537?
29, 53
What are the prime factors of 58111?
58111
List the prime factors of 42490.
2, 5, 7, 607
What are the prime factors of 47782?
2, 7, 3413
List the prime factors of 7527.
3, 13, 193
List the prime factors of 825.
3, 5, 11
What are the prime factors of 68587?
107, 641
List the prime factors of 19359.
3, 239
List the prime factors of 3402.
2, 3, 7
List the prime factors of 2777.
2777
What are the prime factors of 202?
2, 101
What are the prime factors of 15196?
2, 29, 131
What are the prime factors of 3795?
3, 5, 11, 23
List the prime factors of 17053.
17053
What are the prime factors of 94015?
5, 18803
What are the prime factors of 62668?
2, 15667
What are the prime factors of 22193?
22193
What are the prime factors of 154?
2, 7, 11
What are the prime factors of 17013?
3, 53, 107
What are the prime factors of 157?
157
What are the prime factors of 25529?
7, 521
What are the prime factors of 57553?
67, 859
List the prime factors of 114447.
3, 38149
List the prime factors of 1406.
2, 19, 37
What are the prime factors of 11744?
2, 367
What are the prime factors of 5186?
2, 2593
What are the prime factors of 119146?
2, 41, 1453
What are the prime factors of 93126?
2, 3, 11, 17, 83
What are the prime factors of 12826?
2, 11, 53
What are the prime factors of 5835?
3, 5, 389
What are the prime factors of 937?
937
What are the prime factors of 3157?
7, 11, 41
What are the prime factors of 15867?
3, 41, 43
What are the prime factors of 1696?
2, 53
What are the prime factors of 1468?
2, 367
List the prime factors of 49.
7
What are the prime factors of 42786?
2, 3, 2377
What are the prime factors of 1561?
7, 223
What are the prime factors of 887?
887
List the prime factors of 14347.
14347
List the prime factors of 7435.
5, 1487
What are the prime factors of 1394?
2, 17, 41
List the prime factors of 8618.
2, 31, 139
What are the prime factors of 10208?
2, 11, 29
What are the prime factors of 58762?
2, 11, 2671
List the prime factors of 3756.
2, 3, 313
List the prime factors of 62958.
2, 3, 7, 1499
List the prime factors of 46980.
2, 3, 5, 29
List the prime factors of 3760.
2, 5, 47
List the prime factors of 1936.
2, 11
List the prime factors of 3721.
61
What are the prime factors of 2519?
11, 229
What are the prime factors of 2193?
3, 17, 43
What are the prime factors of 1411?
17, 83
What are the prime factors of 17263?
61, 283
List the prime factors of 12057.
3, 4019
What are the prime factors of 26379?
3, 977
What are the prime factors of 7615?
5, 1523
List the prime factors of 1584.
2, 3, 11
What are the prime factors of 15397?
89, 173
What are the prime factors of 45035?
5, 9007
What are the prime factors of 14721?
3, 7, 701
List the prime factors of 943.
23, 41
List the prime factors of 3631.
3631
What are the prime factors of 5661?
3, 17, 37
What are the prime factors of 1019?
1019
What are the prime factors of 1214?
2, 607
What are the prime factors of 778?
2, 389
What are the prime factors of 46?
2, 23
What are the prime factors of 21675?
3, 5, 17
What are the prime factors of 1436?
2, 359
List the prime factors of 29207.
29207
List the prime factors of 2370.
2, 3, 5, 79
What are the prime factors of 274?
2, 137
What are the prime factors of 22?
2, 11
What are the prime factors of 384?
2, 3
List the prime factors of 9349.
9349
What are the prime factors of 20012?
2, 5003
List the prime factors of 1829.
31, 59
List the prime factors of 73687.
31, 2377
What are the prime factors of 23442?
2, 3, 3907
What are the prime factors of 20958?
2, 3, 7, 499
What are the prime factors of 53692?
2, 31, 433
What are the prime factors of 140849?
61, 2309
List the prime factors of 591.
3, 197
List the prime factors of 10.
2, 5
What are the prime factors of 149?
149
What are the prime factors of 3230?
2, 5, 17, 19
List the prime factors of 5626.
2, 29, 97
List the prime factors of 72.
2, 3
What are the prime factors of 19567?
17, 1151
What are the prime factors of 6207?
3, 2069
List the prime factors of 51128.
2, 7, 11, 83
List the prime factors of 13995.
3, 5, 311
What are the prime factors of 1570?
2, 5, 157
What are the prime factors of 1850?
2, 5, 37
What are the prime factors of 84934?
2, 42467
What are the prime factors of 2372?
2, 593
What are the prime factors of 746?
2, 373
List the prime factors of 1755.
3, 5, 13
List the prime factors of 3168.
2, 3, 11
List the prime factors of 144611.
144611
List the prime factors of 43522.
2, 47, 463
List the prime factors of 2957.
2957
What are the prime factors of 40?
2, 5
List the prime factors of 4201.
4201
List the prime factors of 6448.
2, 13, 31
List the prime factors of 2230.
2, 5, 223
What are the prime factors of 266?
2, 7, 19
What are the prime factors of 20159?
19, 1061
What are the prime factors of 28?
2, 7
What are the prime factors of 7147?
7, 1021
List the prime factors of 18899.
18899
List the prime factors of 1655.
5, 331
What are the prime factors of 47722?
2, 107, 223
List the prime factors of 2796.
2, 3, 233
List the prime factors of 2831.
19, 149
List the prime factors of 90834.
2, 3, 15139
What are the prime factors of 866?
2, 433
What are the prime factors of 336?
2, 3, 7
List the prime factors of 147952.
2, 7, 1321
What are the prime factors of 39768?
2, 3, 1657
What are the prime factors of 8047?
13, 619
What are the prime factors of 5393?
5393
List the prime factors of 1341.
3, 149
List the prime factors of 142196.
2, 19, 1871
List the prime factors of 301.
7, 43
What are the prime factors of 51886?
2, 25943
What are the prime factors of 8082?
2, 3, 449
What are the prime factors of 47814?
2, 3, 13, 613
What are the prime factors of 12794?
2, 6397
What are the prime factors of 1366?
2, 683
List the prime factors of 10954.
2, 5477
What are the prime factors of 6685?
5, 7, 191
What are the prime factors of 1015?
5, 7, 29
List the prime factors of 14321.
14321
What are the prime factors of 6196?
2, 1549
List the prime factors of 10758.
2, 3, 11, 163
What are the prime factors of 16778?
2, 8389
What are the prime factors of 4469?
41, 109
What are the prime factors of 1903?
11, 173
What are the prime factors of 1490?
2, 5, 149
List the prime factors of 46.
2, 23
List the prime factors of 6954.
2, 3, 19, 61
List the prime factors of 2484.
2, 3, 23
List the prime factors of 191568.
2, 3, 13, 307
What are the prime factors of 547?
547
List the prime factors of 27778.
2, 17, 19, 43
What are the prime factors of 21477?
3, 7159
List the prime factors of 3418.
2, 1709
What are the prime factors of 1257?
3, 419
What are the prime factors of 3893?
17, 229
What are the prime factors of 19197?
3, 79
What are the prime factors of 1885?
5, 13, 29
What are the prime factors of 30905?
5, 7, 883
List the prime factors of 7011.
3, 19, 41
List the prime factors of 18421.
13, 109
What are the prime factors of 28906?
2, 97, 149
List the prime factors of 22174.
2, 11087
What are the prime factors of 3143?
7, 449
List the prime factors of 83.
83
What are the prime factors of 94900?
2, 5, 13, 73
List the prime factors of 141172.
2, 29, 1217
What are the prime factors of 137705?
5, 27541
List the prime factors of 5781.
3, 41, 47
What are the prime factors of 179806?
2, 11, 743
What are the prime factors of 3453?
3, 1151
List the prime factors of 63914.
2, 31957
What are the prime factors of 451?
11, 41
List the prime factors of 148822.
2, 74411
What are the prime factors of 3957?
3, 1319
List the prime factors of 1512.
2, 3, 7
What are the prime factors of 481?
13, 37
List the prime factors of 1894.
2, 947
What are the prime factors of 1545?
3, 5, 103
What are the prime factors of 3450?
2, 3, 5, 23
What are the prime factors of 402?
2, 3, 67
List the prime factors of 72644.
2, 11, 13, 127
List the prime factors of 8082.
2, 3, 449
What are the prime factors of 10876?
2, 2719
What are the prime f